f 3*a - 2 - 1/3*a**3 + 1/2*a**2. What is the units digit of q(0)?
3
Suppose -a = -5*a + 96. Suppose s = 3*s - a. What is the units digit of s?
2
Suppose -22 = 6*q - 190. What is the units digit of q?
8
Suppose 20*x - 43 = 21*x. Let z = x - -89. What is the tens digit of z?
4
Let x = 5 + -3. Suppose 2*j + 16 = -x*j. What is the units digit of (-5 - j)/((-1)/3)?
3
Let z(m) = -6*m + 7*m + 4 - 2*m. Let j(f) = f - 1. Let q be j(-3). What is the units digit of z(q)?
8
Suppose 0 = 3*u + 2*x - 2 - 2, -4*x - 8 = 2*u. What is the units digit of u?
4
Suppose d - 165 = 34. What is the hundreds digit of d?
1
Suppose 5*l + r - 56 = 3*r, 2*l - 34 = -5*r. What is the units digit of l?
2
Suppose 0*x = -x + 29. What is the tens digit of x?
2
Let l(m) = -m**3 + 14*m**2 + 8*m - 7. Let z(x) = 2*x**3 - 27*x**2 - 17*x + 15. Let d(y) = 5*l(y) + 3*z(y). What is the units digit of d(12)?
2
Let o(w) = w**2 - 3*w - 1. Let z be o(4). Suppose -7*h = -z*h - 72. What is the tens digit of h?
1
Suppose -c + 4 = -0*c. Suppose -3*u - 4 = p, 2*u + 0*p + p + c = 0. Suppose u = x - 5*b - 9 - 5, 0 = b. What is the units digit of x?
4
Let r(y) = -5*y + 5. Let m(w) = -w + 1. Let h(f) = 11*m(f) - 2*r(f). What is the units digit of h(-3)?
4
Let r be (-2 - 4)*1/(-3). What is the units digit of -2 - -7 - (1 - r)?
6
Suppose 8*j = 10*j - 142. What is the tens digit of j?
7
What is the tens digit of 26 - -4*4/8?
2
Let h be (-2 - -2) + 2 - 0. Suppose 2*n - n - h*l - 8 = 0, 0 = 2*l + 4. What is the units digit of n?
4
Let b(x) = 2*x**2 - 14*x + 6. Let w(c) = 3*c**2 - 21*c + 9. Let k(z) = -8*b(z) + 5*w(z). Suppose 5*j - 18 - 12 = 0. What is the units digit of k(j)?
3
Let m(q) = -27*q + 2. What is the units digit of m(-3)?
3
Let v = 12 - -19. What is the units digit of v?
1
Suppose -108 = -4*p + 5*u, -5*p + 2*u = -u - 148. What is the units digit of p?
2
Suppose -5*y = 10, 4*u - y = 4*y + 166. What is the units digit of u?
9
Let j be (18/4)/((-3)/4). Let b = 0 - 4. What is the units digit of (j/b)/((-12)/(-32))?
4
Let m be 1*4 + -1 + -1. Suppose -2*z - 3*t = -0*t - 16, -5*z - m = -3*t. Let a = z + -1. What is the units digit of a?
1
Suppose 3*z = -z. Suppose -5*f = -3*j + 89, z = 6*f - 3*f - 6. What is the units digit of j?
3
Let p(a) = -2*a**3 - 8*a**2 - 8*a + 1. Let v(c) = c**3 + 1. Let k(q) = p(q) + v(q). Suppose 0*b = b + 7. What is the units digit of k(b)?
9
What is the tens digit of (120/2 + -1)*1?
5
Let g be -3 + ((-108)/2 - -1). Let l = g + 87. What is the tens digit of l?
3
Suppose -106 = -3*f + 4*p, -5*p + 44 = f - 2*p. What is the units digit of f?
8
Suppose 5*y - 4 = 4*y. What is the units digit of y?
4
Suppose -q + 42 + 35 = 0. What is the units digit of q?
7
Let s(h) = -2*h + 21. What is the units digit of s(2)?
7
Suppose -15 = -9*r + 4*r. Let y = 12 - r. Suppose 4*n + 30 = y*n. What is the units digit of n?
6
Let g = 87 + -81. What is the units digit of g?
6
Suppose -5*k + 9 = 29. Let y = -2 - k. Suppose 2*x - 8 = 0, 67 = 7*d - 2*d - y*x. What is the tens digit of d?
1
Let y(q) = q**2 - 2*q + 3. Let j be y(3). Suppose -3*p + j = -0. Suppose 4*x = 10 - p. What is the units digit of x?
2
Suppose 0 = a + 3 - 6. Let q be a/9 + 98/(-6). Let y = 22 + q. What is the units digit of y?
6
Suppose 2*u + 3*u = 90. What is the units digit of u?
8
Let z(p) = -13*p**2 - p. Let d be z(-1). What is the units digit of d/10*40/(-6)?
8
Let a = 7 - 13. Let g = a - -5. What is the units digit of 1/(g + 6/5)?
5
Suppose 0 = n + 4*r - 235, n - r - 61 - 164 = 0. What is the units digit of n?
7
Suppose -4*a + 8 = -0*a. Suppose k = s + 6, 2*s + 3 + 3 = 0. Suppose 4*v = -k*r + a*r + 20, -14 = v + 5*r. What is the units digit of v?
6
Suppose u = -0*u - i, i = -2*u + 4. Suppose 3*s + 2*k - 23 = 0, u*s - 3*k + 2 - 10 = 0. What is the units digit of s?
5
Let q(a) = -a. Let n be q(-4). Suppose 4*z = -2*f + n + 4, -4*f = -3*z + 17. Let h = f + 20. What is the units digit of h?
8
Let x(i) = i**3 - 6*i**2 + 5*i + 5. Let v be x(5). Suppose -v*l + 32 = -l. What is the tens digit of ((-42)/l)/(-3)*8?
1
Let k(z) = -2*z + 3. Let g be k(2). What is the units digit of -5 - -3 - 5/g?
3
Suppose -l = 3*v - 6*v - 5, 0 = 4*l - 3*v - 20. What is the units digit of l?
5
Let q be ((-48)/40)/((-2)/(-10)). What is the tens digit of q/21 - (-200)/14?
1
Suppose -2*l + 189 = l + 3*q, -l = -4*q - 48. Let i be (-22)/(-6) + 2/6. Suppose l = i*u + u. What is the units digit of u?
2
Let k(b) = -2 + 13*b - b**2 - 2 + 0*b**2. What is the units digit of k(12)?
8
Let g be (10/(-15))/((-2)/12). Suppose -g*u - u - 90 = 0. Let f = 25 + u. What is the units digit of f?
7
Let n(g) be the first derivative of g**5/60 + g**4/6 - g**3 + g**2 - 2. Let t(w) be the second derivative of n(w). What is the units digit of t(-6)?
6
Suppose -3*d + 2*p - p + 8 = 0, p - 20 = -4*d. What is the units digit of (-106)/(-10) + d/10?
1
Let s(u) be the first derivative of -u**4/4 + 10*u**3/3 - 9*u**2/2 + 2*u + 4. What is the units digit of s(9)?
2
Suppose 3*v - 16 = 4*v - 5*u, -2*u + 20 = 3*v. Suppose -14 = v*k - 42. Suppose 4*l = 2*o - 6, -3*l + k + 1 = o. What is the units digit of o?
5
Let m be 0*((-10)/(-4) + -2). Suppose -i - 4*i + 75 = m. What is the tens digit of i?
1
Suppose -8*u + 5*u + 6 = 0. What is the tens digit of 2 - u - (-2 + -54)?
5
Let f(n) = 0 + 8*n - 3*n + 6. Let d be f(-6). Let p = 35 + d. What is the tens digit of p?
1
Suppose 3*y - y - 10 = 0, -5*c + y - 15 = 0. Suppose -2*t - 168 = 3*p, 0*t - 3*t = 5*p + 252. What is the tens digit of ((-1)/c)/((-2)/t)?
2
Let j be 3 - (0 + 1 + -1). Let t = j + -1. Suppose 0 = -4*r + 3*r + t. What is the units digit of r?
2
Let x = 10 + -7. What is the tens digit of x/(6/(-2)) + 14?
1
Suppose -4*c + 544 = 2*s, -4*s + 915 = 4*c - 189. What is the units digit of s?
0
Let w be (-5 + 2 - -3)*-1. Suppose p + 1 - 12 = w. What is the tens digit of p?
1
What is the units digit of (6 - (-62)/(-10)) + (-322)/(-10)?
2
Let p(q) = 2*q**3 + 2*q**2 + 7. What is the units digit of p(3)?
9
Let z(h) be the first derivative of -5*h**3/3 + h**2 - 3*h - 3. Let m be z(2). Let x = -3 - m. What is the units digit of x?
6
Let p = -5 - -9. What is the units digit of 24/p*(-24)/(-9)?
6
What is the tens digit of (-16)/(-6) + -3 + 860/15?
5
What is the units digit of 53 + 8 - (-1 + -2)?
4
Suppose 5*o = 2*o - 9. What is the tens digit of o/9*-2*30?
2
Let s(k) = -4*k - 3. Let j be s(-2). Suppose j*h + 0*h = 40. What is the units digit of h?
8
Suppose 9*l - 363 = 825. What is the hundreds digit of l?
1
Suppose -5*i = -2*i - 9. Suppose -3*x = -3*l - x + 65, -5*x - 77 = -i*l. Suppose k + l = 4*p, 0 + 5 = 5*p + 5*k. What is the units digit of p?
4
Let y be (-2)/(2/3*-1). Suppose -y*o - o + 68 = 0. What is the units digit of o?
7
Let a = 14 + -10. What is the units digit of 32/(-12)*(-18)/a?
2
Let d(x) = -x - 8. Let f be d(-9). What is the units digit of 9 - (f + (-3 - -2))?
9
Let w = -78 + 154. Suppose -4*d = -2*q - q + w, -5*d + q = 84. Let s = 23 + d. What is the units digit of s?
7
Let f(j) = 4*j - 8. Let g(w) = 9*w + 29. Let x(q) = -5*q - 15. Let s(t) = -3*g(t) - 5*x(t). Let p be s(-9). What is the units digit of f(p)?
6
Let o(f) = -7*f**3 + 2*f**2 - 1. Suppose -y = 4*y - 10. Let q be (1 - 2)*(-1 + y). What is the units digit of o(q)?
8
Let s(j) = 6*j - 1. Suppose 3*x - 4*x = -3. Suppose -2*p - p = -x. What is the units digit of s(p)?
5
Suppose -3*f + 533 - 44 = 0. What is the units digit of f?
3
Let i(r) = 6 - 26 + 12 - 5*r. What is the units digit of i(-5)?
7
Let k(w) be the first derivative of -w**4/4 - 7*w**3/3 + 2*w - 1. Let r be k(-7). Suppose 10 = -0*y + r*y. What is the units digit of y?
5
Let k = 2 + 0. Suppose -k*y + 1 + 11 = 0. What is the units digit of y?
6
Let t = -101 + 66. Let h = t + 60. Suppose 0 = 3*p - 0*o - 2*o - 5, -3*p = 2*o - h. What is the units digit of p?
5
Let j = 6 + 0. Suppose j*i - i - 15 = 0. What is the units digit of i?
3
Let v = -50 + 103. What is the tens digit of v?
5
Suppose 5*y - y = -16. Let l = -12 - y. Let a = l + 13. What is the units digit of a?
5
Let y be -12 - (-2 + (-2)/2). Let v(o) = -3 - 6*o + 3 - 4*o - 2 - o**2. What is the units digit of v(y)?
7
Suppose 2*w + 545 = 7*w. What is the tens digit of w?
0
What is the units digit of (-730)/(-25) - (3/(-5))/(-3)?
9
Let i = -138 + 227. What is the t